{"id":399,"date":"2025-02-13T21:00:46","date_gmt":"2025-02-13T20:00:46","guid":{"rendered":"https:\/\/naimlabrifraternel.fr\/?page_id=399"},"modified":"2025-02-13T21:07:46","modified_gmt":"2025-02-13T20:07:46","slug":"la-pommeraie-2","status":"publish","type":"page","link":"https:\/\/naimlabrifraternel.fr\/?page_id=399","title":{"rendered":"La Pommeraie"},"content":{"rendered":"\t\t<div data-elementor-type=\"wp-page\" data-elementor-id=\"399\" class=\"elementor elementor-399\">\n\t\t\t\t\t\t<section class=\"elementor-section elementor-top-section elementor-element elementor-element-42f64f8 elementor-section-boxed elementor-section-height-default elementor-section-height-default\" data-id=\"42f64f8\" data-element_type=\"section\">\n\t\t\t\t\t\t<div class=\"elementor-container elementor-column-gap-default\">\n\t\t\t\t\t<div class=\"elementor-column elementor-col-100 elementor-top-column elementor-element elementor-element-ef52cdf\" data-id=\"ef52cdf\" data-element_type=\"column\">\n\t\t\t<div class=\"elementor-widget-wrap elementor-element-populated\">\n\t\t\t\t\t\t<div class=\"elementor-element elementor-element-048bc91 elementor-widget elementor-widget-text-editor\" data-id=\"048bc91\" data-element_type=\"widget\" data-widget_type=\"text-editor.default\">\n\t\t\t\t<div class=\"elementor-widget-container\">\n\t\t\t\t\t\t\t<p style=\"font-weight: 400;\"><strong>Une nouvelle aventure commence\u00a0!\u00a0<\/strong><\/p><p style=\"font-weight: 400;\">Nous travaillons actuellement sur un nouveau projet d\u2019implantation de trois containers sur la paroisse de ND des Ap\u00f4tres (la Pommeraie 11<sup>\u00e8me<\/sup>) afin de \u00ab\u00a0dupliquer\u00a0\u00bb la premi\u00e8re exp\u00e9rience de Saint-Fran\u00e7ois-Xavier.<\/p><p style=\"font-weight: 400;\">Apr\u00e8s bien des recherches et beaucoup de longueurs administratives, nous avons enfin obtenu le permis de construire.<\/p><p style=\"font-weight: 400;\">Apr\u00e8s le d\u00e9lai de recours des tiers, nous devrions <strong>attaquer les travaux courant 2025<\/strong>. <br \/><strong>Le budget est de l\u2019ordre de 92 000 \u20ac<\/strong>, financ\u00e9 par le Conseil D\u00e9partemental, la Ville de Marseille, la Fondation de France et par nos donateurs.<\/p>\t\t\t\t\t\t<\/div>\n\t\t\t\t<\/div>\n\t\t\t\t\t<\/div>\n\t\t<\/div>\n\t\t\t\t\t<\/div>\n\t\t<\/section>\n\t\t\t\t<\/div>\n\t\t","protected":false},"excerpt":{"rendered":"<p>Une nouvelle aventure commence\u00a0!\u00a0 Nous travaillons actuellement sur un nouveau projet d\u2019implantation de trois containers sur la paroisse de ND des Ap\u00f4tres (la Pommeraie 11\u00e8me) afin de \u00ab\u00a0dupliquer\u00a0\u00bb la premi\u00e8re exp\u00e9rience de Saint-Fran\u00e7ois-Xavier. Apr\u00e8s bien des recherches et beaucoup de longueurs administratives, nous avons enfin obtenu le permis de construire. Apr\u00e8s le d\u00e9lai de recours &hellip; <a href=\"https:\/\/naimlabrifraternel.fr\/?page_id=399\" class=\"more-link\">Continuer la lecture<span class=\"screen-reader-text\"> de &laquo;&nbsp;La Pommeraie&nbsp;&raquo;<\/span><\/a><\/p>\n","protected":false},"author":1,"featured_media":0,"parent":0,"menu_order":0,"comment_status":"closed","ping_status":"closed","template":"","meta":{"footnotes":""},"class_list":["post-399","page","type-page","status-publish","hentry"],"_links":{"self":[{"href":"https:\/\/naimlabrifraternel.fr\/index.php?rest_route=\/wp\/v2\/pages\/399","targetHints":{"allow":["GET"]}}],"collection":[{"href":"https:\/\/naimlabrifraternel.fr\/index.php?rest_route=\/wp\/v2\/pages"}],"about":[{"href":"https:\/\/naimlabrifraternel.fr\/index.php?rest_route=\/wp\/v2\/types\/page"}],"author":[{"embeddable":true,"href":"https:\/\/naimlabrifraternel.fr\/index.php?rest_route=\/wp\/v2\/users\/1"}],"replies":[{"embeddable":true,"href":"https:\/\/naimlabrifraternel.fr\/index.php?rest_route=%2Fwp%2Fv2%2Fcomments&post=399"}],"version-history":[{"count":4,"href":"https:\/\/naimlabrifraternel.fr\/index.php?rest_route=\/wp\/v2\/pages\/399\/revisions"}],"predecessor-version":[{"id":409,"href":"https:\/\/naimlabrifraternel.fr\/index.php?rest_route=\/wp\/v2\/pages\/399\/revisions\/409"}],"wp:attachment":[{"href":"https:\/\/naimlabrifraternel.fr\/index.php?rest_route=%2Fwp%2Fv2%2Fmedia&parent=399"}],"curies":[{"name":"wp","href":"https:\/\/api.w.org\/{rel}","templated":true}]}}