{"id":2,"date":"2019-07-07T12:48:34","date_gmt":"2019-07-07T10:48:34","guid":{"rendered":"http:\/\/naimlabrifraternel.fr\/?page_id=2"},"modified":"2025-02-13T22:31:16","modified_gmt":"2025-02-13T21:31:16","slug":"page-d-exemple","status":"publish","type":"page","link":"https:\/\/naimlabrifraternel.fr\/","title":{"rendered":"Accueil"},"content":{"rendered":"\t\t<div data-elementor-type=\"wp-post\" data-elementor-id=\"2\" class=\"elementor elementor-2\">\n\t\t\t\t\t\t<section class=\"elementor-section elementor-top-section elementor-element elementor-element-6c7c583d elementor-section-boxed elementor-section-height-default elementor-section-height-default\" data-id=\"6c7c583d\" data-element_type=\"section\">\n\t\t\t\t\t\t<div class=\"elementor-container elementor-column-gap-default\">\n\t\t\t\t\t<div class=\"elementor-column elementor-col-100 elementor-top-column elementor-element elementor-element-7df0f3f6\" data-id=\"7df0f3f6\" data-element_type=\"column\">\n\t\t\t<div class=\"elementor-widget-wrap elementor-element-populated\">\n\t\t\t\t\t\t<div class=\"elementor-element elementor-element-6ae04e6 elementor-widget elementor-widget-text-editor\" data-id=\"6ae04e6\" data-element_type=\"widget\" data-widget_type=\"text-editor.default\">\n\t\t\t\t<div class=\"elementor-widget-container\">\n\t\t\t\t\t\t\t<!-- wp:paragraph {\"align\":\"left\"} -->\n<p>Na\u00efm l\u2019Abri fraternel a pour but de venir en aide aux sans-abris qui souhaitent sortir de la rue. Il s\u2019agit donc de leur proposer un h\u00e9bergement transitoire pour leur offrir une chance de reprendre pied et leur donner le temps de r\u00e9apprendre les gestes du quotidien (alimentation, sommeil, propret\u00e9, sant\u00e9\u2026) pour se reconstruire avant de r\u00e9int\u00e9grer une vie sociale digne et adapt\u00e9e\u2026<\/p>\n<!-- \/wp:paragraph --><!-- wp:gallery {\"ids\":[24]} -->\n<ul class=\"wp-block-gallery columns-1 is-cropped\">\n<li class=\"blocks-gallery-item\">\n<figure><img fetchpriority=\"high\" decoding=\"async\" width=\"1024\" height=\"683\" class=\"wp-image-24\" src=\"https:\/\/naimlabrifraternel.fr\/wp-content\/uploads\/2019\/07\/original_691470898-1024x683.jpg\" alt=\"\" data-id=\"24\" data-link=\"https:\/\/naimlabrifraternel.fr\/index.php\/page-d-exemple\/original_691470898\/\" data-wp-editing=\"1\" srcset=\"https:\/\/naimlabrifraternel.fr\/wp-content\/uploads\/2019\/07\/original_691470898-1024x683.jpg 1024w, https:\/\/naimlabrifraternel.fr\/wp-content\/uploads\/2019\/07\/original_691470898-300x200.jpg 300w, https:\/\/naimlabrifraternel.fr\/wp-content\/uploads\/2019\/07\/original_691470898-768x513.jpg 768w, https:\/\/naimlabrifraternel.fr\/wp-content\/uploads\/2019\/07\/original_691470898-1200x801.jpg 1200w\" sizes=\"(max-width: 709px) 85vw, (max-width: 909px) 67vw, (max-width: 1362px) 62vw, 840px\" \/><\/figure>\n<\/li>\n<\/ul>\n<!-- \/wp:gallery --><!-- wp:paragraph {\"align\":\"center\",\"backgroundColor\":\"light-gray\",\"fontSize\":\"small\"} -->\n<p class=\"has-background has-small-font-size has-light-gray-background-color\" style=\"text-align: center;\"><strong><em>Pr\u00e9face de Monseigneur Pontier<\/em><\/strong><br \/><em>Voici un projet qui ne na\u00eet pas en l\u2019air.<\/em><br \/><em>Il vient de l\u2019exp\u00e9rience de plus de vingt ans de tourn\u00e9es de nuit aupr\u00e8s des sans-abris dans un secteur de la ville de Marseille. On ne reste pas indemne de telles rencontres. On ne rentre pas chez soi sans avoir \u00e9t\u00e9 touch\u00e9 ! On se dit : \u00ab que faire pour lui, que faire pour eux ? \u00bb<\/em><br \/><em>La r\u00e9ponse \u00e0 ces questions demeure difficile, multiple, modeste.<\/em><br \/><em>Ainsi ce projet d\u2019accueil de vie, imagin\u00e9, construit, par une \u00e9quipe motiv\u00e9e qui esp\u00e8re accompagner un certain nombre parmi les accueillis vers une meilleure socialisation, vers un avenir meilleur.<\/em><br \/><em>En cette ann\u00e9e de la mis\u00e9ricorde, ce projet sent bon l\u2019\u00e9vangile et aussi l\u2019id\u00e9al de fraternit\u00e9 de notre pays.<\/em><br \/><em>Comment ne pas encourager cette initiative n\u00e9e de la rencontre qui ne laisse pas indiff\u00e9rent ?<\/em><br \/><strong><em>Apportons notre aide autant que nous le pouvons. Tout cela humanise les uns et les autres !<\/em><\/strong><br \/><em>+ Mgr Georges Pontier<\/em><br \/><em>Archev\u00eaque de Marseille &#8211; 19 mai 2016<\/em><\/p>\n<!-- \/wp:paragraph -->\t\t\t\t\t\t<\/div>\n\t\t\t\t<\/div>\n\t\t\t\t\t<\/div>\n\t\t<\/div>\n\t\t\t\t\t<\/div>\n\t\t<\/section>\n\t\t\t\t<section class=\"elementor-section elementor-top-section elementor-element elementor-element-4ca53b4 elementor-section-boxed elementor-section-height-default elementor-section-height-default\" data-id=\"4ca53b4\" data-element_type=\"section\">\n\t\t\t\t\t\t<div class=\"elementor-container elementor-column-gap-default\">\n\t\t\t\t\t<div class=\"elementor-column elementor-col-100 elementor-top-column elementor-element elementor-element-7dbb517\" data-id=\"7dbb517\" data-element_type=\"column\">\n\t\t\t<div class=\"elementor-widget-wrap elementor-element-populated\">\n\t\t\t\t\t\t<div class=\"elementor-element elementor-element-7cc5109 elementor-shape-circle elementor-grid-0 e-grid-align-center elementor-widget elementor-widget-social-icons\" data-id=\"7cc5109\" data-element_type=\"widget\" data-widget_type=\"social-icons.default\">\n\t\t\t\t<div class=\"elementor-widget-container\">\n\t\t\t\t\t<div class=\"elementor-social-icons-wrapper elementor-grid\">\n\t\t\t\t\t\t\t<span class=\"elementor-grid-item\">\n\t\t\t\t\t<a class=\"elementor-icon elementor-social-icon elementor-social-icon-facebook elementor-repeater-item-1ce1e23\" href=\"https:\/\/www.facebook.com\/NA%C3%8FM-lAbri-Fraternel-279230799626558\" target=\"_blank\">\n\t\t\t\t\t\t<span class=\"elementor-screen-only\">Facebook<\/span>\n\t\t\t\t\t\t<i class=\"fab fa-facebook\"><\/i>\t\t\t\t\t<\/a>\n\t\t\t\t<\/span>\n\t\t\t\t\t<\/div>\n\t\t\t\t<\/div>\n\t\t\t\t<\/div>\n\t\t\t\t\t<\/div>\n\t\t<\/div>\n\t\t\t\t\t<\/div>\n\t\t<\/section>\n\t\t\t\t<section class=\"elementor-section elementor-top-section elementor-element elementor-element-b8d0a74 elementor-section-boxed elementor-section-height-default elementor-section-height-default\" data-id=\"b8d0a74\" data-element_type=\"section\">\n\t\t\t\t\t\t<div class=\"elementor-container elementor-column-gap-default\">\n\t\t\t\t\t<div class=\"elementor-column elementor-col-100 elementor-top-column elementor-element elementor-element-804e763\" data-id=\"804e763\" data-element_type=\"column\">\n\t\t\t<div class=\"elementor-widget-wrap elementor-element-populated\">\n\t\t\t\t\t\t\t<\/div>\n\t\t<\/div>\n\t\t\t\t\t<\/div>\n\t\t<\/section>\n\t\t\t\t<section class=\"elementor-section elementor-top-section elementor-element elementor-element-14184c0 elementor-section-boxed elementor-section-height-default elementor-section-height-default\" data-id=\"14184c0\" data-element_type=\"section\">\n\t\t\t\t\t\t<div class=\"elementor-container elementor-column-gap-default\">\n\t\t\t\t\t<div class=\"elementor-column elementor-col-100 elementor-top-column elementor-element elementor-element-471ae76\" data-id=\"471ae76\" data-element_type=\"column\">\n\t\t\t<div class=\"elementor-widget-wrap elementor-element-populated\">\n\t\t\t\t\t\t<div class=\"elementor-element elementor-element-516c876 elementor-widget elementor-widget-image\" data-id=\"516c876\" data-element_type=\"widget\" data-widget_type=\"image.default\">\n\t\t\t\t<div class=\"elementor-widget-container\">\n\t\t\t\t\t\t\t\t\t\t\t\t\t<img decoding=\"async\" width=\"750\" height=\"1024\" src=\"https:\/\/naimlabrifraternel.fr\/wp-content\/uploads\/2025\/02\/recto-flyer-bis-750x1024.jpg\" class=\"attachment-large size-large wp-image-458\" alt=\"\" srcset=\"https:\/\/naimlabrifraternel.fr\/wp-content\/uploads\/2025\/02\/recto-flyer-bis-750x1024.jpg 750w, https:\/\/naimlabrifraternel.fr\/wp-content\/uploads\/2025\/02\/recto-flyer-bis-220x300.jpg 220w, https:\/\/naimlabrifraternel.fr\/wp-content\/uploads\/2025\/02\/recto-flyer-bis-768x1048.jpg 768w, https:\/\/naimlabrifraternel.fr\/wp-content\/uploads\/2025\/02\/recto-flyer-bis.jpg 869w\" sizes=\"(max-width: 750px) 85vw, 750px\" \/>\t\t\t\t\t\t\t\t\t\t\t\t\t<\/div>\n\t\t\t\t<\/div>\n\t\t\t\t\t<\/div>\n\t\t<\/div>\n\t\t\t\t\t<\/div>\n\t\t<\/section>\n\t\t\t\t<\/div>\n\t\t","protected":false},"excerpt":{"rendered":"<p>Na\u00efm l\u2019Abri fraternel a pour but de venir en aide aux sans-abris qui souhaitent sortir de la rue. Il s\u2019agit donc de leur proposer un h\u00e9bergement transitoire pour leur offrir une chance de reprendre pied et leur donner le temps de r\u00e9apprendre les gestes du quotidien (alimentation, sommeil, propret\u00e9, sant\u00e9\u2026) pour se reconstruire avant de &hellip; <a href=\"https:\/\/naimlabrifraternel.fr\/\" class=\"more-link\">Continuer la lecture<span class=\"screen-reader-text\"> de &laquo;&nbsp;Accueil&nbsp;&raquo;<\/span><\/a><\/p>\n","protected":false},"author":1,"featured_media":0,"parent":0,"menu_order":0,"comment_status":"closed","ping_status":"open","template":"","meta":{"footnotes":""},"class_list":["post-2","page","type-page","status-publish","hentry"],"_links":{"self":[{"href":"https:\/\/naimlabrifraternel.fr\/index.php?rest_route=\/wp\/v2\/pages\/2","targetHints":{"allow":["GET"]}}],"collection":[{"href":"https:\/\/naimlabrifraternel.fr\/index.php?rest_route=\/wp\/v2\/pages"}],"about":[{"href":"https:\/\/naimlabrifraternel.fr\/index.php?rest_route=\/wp\/v2\/types\/page"}],"author":[{"embeddable":true,"href":"https:\/\/naimlabrifraternel.fr\/index.php?rest_route=\/wp\/v2\/users\/1"}],"replies":[{"embeddable":true,"href":"https:\/\/naimlabrifraternel.fr\/index.php?rest_route=%2Fwp%2Fv2%2Fcomments&post=2"}],"version-history":[{"count":31,"href":"https:\/\/naimlabrifraternel.fr\/index.php?rest_route=\/wp\/v2\/pages\/2\/revisions"}],"predecessor-version":[{"id":461,"href":"https:\/\/naimlabrifraternel.fr\/index.php?rest_route=\/wp\/v2\/pages\/2\/revisions\/461"}],"wp:attachment":[{"href":"https:\/\/naimlabrifraternel.fr\/index.php?rest_route=%2Fwp%2Fv2%2Fmedia&parent=2"}],"curies":[{"name":"wp","href":"https:\/\/api.w.org\/{rel}","templated":true}]}}